t is -5 - -85b?
856
In base 8, what is -4 + 1634?
1630
In base 9, what is 1 - -88?
100
In base 15, what is 4 + -4?
0
In base 15, what is -802 + -3?
-805
In base 3, what is -1021 + -122?
-1220
In base 6, what is -3 - 43551?
-43554
In base 11, what is 373 - 5?
369
In base 3, what is 12 + 122121?
122210
In base 2, what is 111101 + 100?
1000001
In base 7, what is 65 - -14?
112
In base 3, what is 1100 + 1?
1101
In base 2, what is -1 - -1101011110100?
1101011110011
In base 11, what is 57 + 37?
93
In base 4, what is -22020 + -13?
-22033
In base 9, what is 24362 + 1?
24363
In base 16, what is 10 + -62?
-52
In base 16, what is 3 + -4?
-1
In base 7, what is 4401 - 3?
4365
In base 9, what is -4 - 5?
-10
In base 9, what is 833 + -5?
827
In base 15, what is 2 - -23?
25
In base 3, what is -1021 - -12021?
11000
In base 4, what is -123313 - -2?
-123311
In base 8, what is 1544 - -3?
1547
In base 6, what is 2 - -121?
123
In base 14, what is -b0 - 5?
-b5
In base 12, what is -12 - -2a?
18
In base 13, what is 51 + -7c?
-2b
In base 2, what is -10011011000 + -110?
-10011011110
In base 4, what is 13220 - -11?
13231
In base 15, what is -350 - -6?
-349
In base 16, what is a - -d8?
e2
In base 4, what is -2002 - -11?
-1331
In base 8, what is 5 - -15?
22
In base 13, what is 4 + cb6?
cba
In base 7, what is -5 + -1520?
-1525
In base 4, what is 10211011 + 10?
10211021
In base 15, what is -4 + -48?
-4c
In base 15, what is 5 + -c49?
-c44
In base 16, what is -31 + -b?
-3c
In base 7, what is 6 - 6?
0
In base 13, what is 26 - 27?
-1
In base 12, what is 56a - 1?
569
In base 6, what is 30404 + -5?
30355
In base 3, what is -1121 + 111?
-1010
In base 10, what is -53 - 162?
-215
In base 9, what is 3 - 24?
-21
In base 7, what is 666 - 2?
664
In base 8, what is 1 + -6?
-5
In base 13, what is 131 - -32?
163
In base 7, what is -23105 + 2?
-23103
In base 5, what is 103 + 2?
110
In base 14, what is -a3c - 3?
-a41
In base 7, what is -1362 + -4?
-1366
In base 12, what is -3237 - -2?
-3235
In base 12, what is -2204 + -2?
-2206
In base 11, what is 0 - 22?
-22
In base 12, what is 4b4 + 5?
4b9
In base 5, what is -1112304 + -1?
-1112310
In base 7, what is 12 - 30?
-15
In base 16, what is -3b7 + 0?
-3b7
In base 2, what is 1011111 + 111?
1100110
In base 11, what is -4 + -554?
-558
In base 8, what is 2632 + -5?
2625
In base 11, what is 2 - -1204?
1206
In base 5, what is 1423 - -14?
1442
In base 12, what is 193 - 2?
191
In base 3, what is -10000 - -2102?
-121
In base 7, what is -5044 + 2?
-5042
In base 6, what is -134 + 2?
-132
In base 12, what is -297 + 1?
-296
In base 4, what is 10 + 1023?
1033
In base 6, what is 1 - -13?
14
In base 4, what is 2 - -100113?
100121
In base 9, what is -142 + -3?
-145
In base 8, what is -53 - 32?
-105
In base 2, what is 100 - 1000100000?
-1000011100
In base 11, what is -24 + 99?
75
In base 15, what is -17 - 88?
-a0
In base 15, what is -1239 + -3?
-123c
In base 15, what is -1865 - -4?
-1861
In base 13, what is -198 - 3a?
-205
In base 4, what is -1 - 202232?
-202233
In base 10, what is -3 + 512?
509
In base 13, what is -ac2 + -3?
-ac5
In base 13, what is -1 - -81?
80
In base 6, what is 3 - 3500?
-3453
In base 4, what is 30 - 3?
21
In base 8, what is -164 - -11?
-153
In base 3, what is 22021 + 2012?
101110
In base 5, what is 4 - -10343?
10402
In base 14, what is 202 + -1d?
1c3
In base 15, what is 5 - -33?
38
In base 4, what is 203 - -12?
221
In base 7, what is 46 + -52?
-3
In base 9, what is -231 + 11?
-220
In base 10, what is 3235 + 0?
3235
In base 4, what is 113 - 233?
-120
In base 13, what is 5 + -251c?
-2517
In base 14, what is -3 - -16b?
168
In base 10, what is -1 + 42?
41
In base 10, what is -1 - -60?
59
In base 9, what is 4 + 476?
481
In base 5, what is -120334 + 10?
-120324
In base 7, what is 2 - 150?
-145
In base 13, what is 5 + -b8?
-b3
In base 15, what is -4 - -215?
211
In base 3, what is -2000 + 0?
-2000
In base 15, what is -c - ba?
-c7
In base 2, what is 1010 - 1010100?
-1001010
In base 13, what is 4 - -67?
6b
In base 7, what is -2 + 132?
130
In base 6, what is -34 + 14?
-20
In base 11, what is a3 - 2?
a1
In base 6, what is -4120 - 3?
-4123
In base 2, what is -10111101 - -1000?
-10110101
In base 5, what is 3 + 300?
303
In base 12, what is 18 + -16?
2
In base 16, what is 1a + 3?
1d
In base 11, what is 28a - 1?
289
In base 2, what is -1001010101 + -100?
-1001011001
In base 13, what is 2 - 152?
-150
In base 10, what is -12 - -8?
-4
In base 12, what is -36 + -10?
-46
In base 14, what is 2 - -5?
7
In base 3, what is 21201 + 11?
21212
In base 3, what is 11 + 22021012?
22021100
In base 10, what is -1 + 433?
432
In base 4, what is 22 + -13020?
-12332
In base 13, what is -5 + -8a?
-92
In base 12, what is 258 + -4?
254
In base 14, what is 4 + 1004?
1008
In base 16, what is -6 - 663?
-669
In base 14, what is 2 + -14?
-12
In base 8, what is -2 + -121?
-123
In base 9, what is 606 + -1?
605
In base 13, what is -5 + 0?
-5
In base 16, what is 45 + 0?
45
In base 9, what is -263 - 3?
-266
In base 14, what is 8 - -c?
16
In base 3, what is 2 - 1110?
-1101
In base 9, what is 2 + 10?
12
In base 2, what is 1111111001 + -101?
1111110100
In base 14, what is -80 - -1?
-7d
In base 4, what is 10321 - 2?
10313
In base 4, what is -13 + 11?
-2
In base 14, what is 2 - -145a?
145c
In base 11, what is 2 - 639?
-637
In base 16, what is 0 - -c?
c
In base 13, what is 16 + 45?
5b
In base 16, what is 1715 - -1?
1716
In base 14, what is -17 + 5?
-12
In base 13, what is 4 - -231?
235
In base 15, what is -1c - -43?
26
In base 9, what is -3 + -388?
-402
In base 2, what is -100 - 101100?
-110000
In base 15, what is -7 + -1ee?
-206
In base 6, what is 3254 + 5?
3303
In base 5, what is -314 + 4?
-310
In base 3, what is 111 - -1201220?
1202101
In base 13, what is 1002 + -4?
ccb
In base 14, what is 50 + -12b?
-bb
In base 13, what is 31 - 7?
27
In base 7, what is 0 - -645?
645
In base 6, what is 3 - -110?
113
In base 7, what is 66153 - -5?
66161
In base 9, what is -15 - 66?
-82
In base 14, what is 165 - -5?
16a
In base 11, what is 4 + 71?
75
In base 8, what is 3 - 52?
-47
In base 9, what is 2 + -1347?
-1345
In base 11, what is 10 + -158?
-148
In base 7, what is -5 - -536?
531
In base 10, what is 642 + 5?
647
In base 12, what is 83 + 4?
87
In base 4, what is 10 + -102?
-32
In base 2, what is -10000 - 10111100?
-11001100
In base 12, what is 28a - 8?
282
In base 8, what is -220 + 0?
-220
In base 10, what is -5 - 25?
-30
In base 9, what is 470 + -1?
468
In base 11, what is 5 - 3150?
-3146
In base 2, what is -1 + -11100101001?
-11100101010
In base 4, what is -331223 - 1?
-331230
In base 10, what is -19 + -11?
-30
In base 16, what is -4 + -131?
-135
In base 7, what is 0 + 213?
213
In base 5, what is 1310 - 12?
1243
In base 2, what is -101 - 1101?
-10010
In base 5, what is 2 + -143332?
-143330
In base 5, what is -40 - -422?
332
In base 14, what is 8dc + -b?
8d1
In base 6, what is -5 - -3231?
3222
In base 10, what is 235 + 7?
242
In base 8, what is 5 + -144?
-137
In base 4, what is 13013 + -23?
12330
In base 5, what is -234413 - 2?
-234420
In base 3, what is -12 + 2022?
2010
In base 15, what is -8 + 164?
15b
In base 10, what is -21 + 8?
-13
In base 13, what is -4 + -49?
-50
In base 3, what is 1 - -2102011?
2102012
In base 14, what is -4 - -255?
251
In base 2, what is 10111100 + 111?
11000011
In base 3, what is -22201 + -20?
-22221
In base 5, what is -4 - 103?
-112
In base 3, what is -120001 + 22?
-112202
In base 6, what is -125 + 21?
-104
In base 6, what is 15 + 455?
514
In base 9, what is -81 + -5?
-86
In base 12, what is -59 - 10?
-69
In base 14, what is -62 + -5?
-67
In base 2, what is -11 + 111001100?
111001001
In base 10, what is -293 + -1?
-294
In base 12, what is 18 + -5?
13
In base 5, what is 31430 - 13?
31412
In base 9, what is 8 - 251?
-242
In base 12, what is -606 + 3?
-603
In base 14, what is -3 + -3d?
-42
In base 12, what is 81 + -3?
7a
In base 15, what is 3 - de?
-db
In base 16, what is 0 - -38?
38
In base 15, what is -14 + 16e?
15a
In base 10, what is -1 - -506?
505
In base 7, what is 5426 + 3?
5432
In base 8, what is 56 + -1?
55
In base 3, what is 2 + 120?
122
In base 14, what is 18 + 2?
1a
In base 15, what is -bab + -4?
-bb0
In base 3, what is 10100 - 0?
10100
In base 15, what is 4 - 220?
-21b
I